{"id":169,"date":"2024-04-01T18:53:51","date_gmt":"2024-04-01T16:53:51","guid":{"rendered":"http:\/\/192.168.1.50\/?post_type=product&#038;p=169"},"modified":"2024-08-18T18:54:51","modified_gmt":"2024-08-18T16:54:51","slug":"terminaison-nerveuse","status":"publish","type":"product","link":"https:\/\/quart-hibou.fr\/index.php\/produit\/terminaison-nerveuse\/","title":{"rendered":"Terminaison Nerveuse"},"content":{"rendered":"<p class=\"western\" align=\"left\">Auteur : Samuel Masson<\/p>\n<p class=\"western\" align=\"left\">illustration couverture : CLM<\/p>\n<p class=\"western\" align=\"left\">ISBN : 978-2-9543127-7-4<\/p>\n<p class=\"western\" align=\"left\">ann\u00e9e parution : 2024<\/p>\n<p class=\"western\" align=\"left\">nb pages : 286<\/p>\n<p class=\"western\" align=\"left\">Dernier volet de la trilogie.<\/p>\n<p class=\"western\" align=\"left\">La femme de Vaughn ne comprend pas pourquoi c\u2019est son \u00e2ne de mari qui parle \u00e0 la premi\u00e8re personne. Comme si c\u2019\u00e9tait lui le h\u00e9ros. Alors qu\u2019elle vous l\u2019a peut-\u00eatre d\u00e9j\u00e0 dit, elle le trouve b\u00eate \u00e0 brouter du foin. C\u2019est vrai que c\u2019est lui qui ram\u00e8ne l\u2019argent du couple et qu\u2019il se targue de voguer dans les arcanes politiques de haut niveau, mais ce n\u2019est pas une raison.<\/p>\n<p class=\"western\" align=\"left\">Ce qu\u2019elle ignore, c\u2019est qu\u2019il est le r\u00e9cent responsable d\u2019Orig\u00e8ne, le lieu d\u00e9crit dans les deux premiers volumes. Ce que lui ignore, c\u2019est le risque de sa nouvelle mission. Bon, bien que n\u00e9ophyte, il apprendra vite, les r\u00e8gles sont simples.<\/p>\n<p class=\"western\" align=\"left\">Apr\u00e8s \u2018Espace Temps Pourri\u2019 et \u2018Amour Diss\u00e9qu\u00e9\u2019, troisi\u00e8me et ultime opus de cette odyss\u00e9e. Compr\u00e9hensible, m\u00eame sans avoir lu les deux premiers volumes. Enfin \u00e7a l\u2019a \u00e9t\u00e9 pour Vaughn.<\/p>\n<p align=\"left\">\n","protected":false},"excerpt":{"rendered":"<p>Auteur : Samuel Masson illustration couverture : CLM ISBN : 978-2-9543127-7-4 ann\u00e9e parution : 2024 nb pages : 286 Dernier volet de la trilogie. La femme de Vaughn ne comprend pas pourquoi c\u2019est son \u00e2ne de mari qui parle \u00e0 la premi\u00e8re personne. Comme si c\u2019\u00e9tait lui le h\u00e9ros. Alors qu\u2019elle vous l\u2019a peut-\u00eatre d\u00e9j\u00e0 [&hellip;]<\/p>\n","protected":false},"featured_media":163,"comment_status":"open","ping_status":"closed","template":"","meta":{"ocean_post_layout":"","ocean_both_sidebars_style":"","ocean_both_sidebars_content_width":0,"ocean_both_sidebars_sidebars_width":0,"ocean_sidebar":"0","ocean_second_sidebar":"0","ocean_disable_margins":"enable","ocean_add_body_class":"","ocean_shortcode_before_top_bar":"","ocean_shortcode_after_top_bar":"","ocean_shortcode_before_header":"","ocean_shortcode_after_header":"","ocean_has_shortcode":"","ocean_shortcode_after_title":"","ocean_shortcode_before_footer_widgets":"","ocean_shortcode_after_footer_widgets":"","ocean_shortcode_before_footer_bottom":"","ocean_shortcode_after_footer_bottom":"","ocean_display_top_bar":"default","ocean_display_header":"default","ocean_header_style":"","ocean_center_header_left_menu":"0","ocean_custom_header_template":"0","ocean_custom_logo":0,"ocean_custom_retina_logo":0,"ocean_custom_logo_max_width":0,"ocean_custom_logo_tablet_max_width":0,"ocean_custom_logo_mobile_max_width":0,"ocean_custom_logo_max_height":0,"ocean_custom_logo_tablet_max_height":0,"ocean_custom_logo_mobile_max_height":0,"ocean_header_custom_menu":"0","ocean_menu_typo_font_family":"0","ocean_menu_typo_font_subset":"","ocean_menu_typo_font_size":0,"ocean_menu_typo_font_size_tablet":0,"ocean_menu_typo_font_size_mobile":0,"ocean_menu_typo_font_size_unit":"px","ocean_menu_typo_font_weight":"","ocean_menu_typo_font_weight_tablet":"","ocean_menu_typo_font_weight_mobile":"","ocean_menu_typo_transform":"","ocean_menu_typo_transform_tablet":"","ocean_menu_typo_transform_mobile":"","ocean_menu_typo_line_height":0,"ocean_menu_typo_line_height_tablet":0,"ocean_menu_typo_line_height_mobile":0,"ocean_menu_typo_line_height_unit":"","ocean_menu_typo_spacing":0,"ocean_menu_typo_spacing_tablet":0,"ocean_menu_typo_spacing_mobile":0,"ocean_menu_typo_spacing_unit":"","ocean_menu_link_color":"","ocean_menu_link_color_hover":"","ocean_menu_link_color_active":"","ocean_menu_link_background":"","ocean_menu_link_hover_background":"","ocean_menu_link_active_background":"","ocean_menu_social_links_bg":"","ocean_menu_social_hover_links_bg":"","ocean_menu_social_links_color":"","ocean_menu_social_hover_links_color":"","ocean_disable_title":"default","ocean_disable_heading":"default","ocean_post_title":"","ocean_post_subheading":"","ocean_post_title_style":"","ocean_post_title_background_color":"","ocean_post_title_background":0,"ocean_post_title_bg_image_position":"","ocean_post_title_bg_image_attachment":"","ocean_post_title_bg_image_repeat":"","ocean_post_title_bg_image_size":"","ocean_post_title_height":0,"ocean_post_title_bg_overlay":0.5,"ocean_post_title_bg_overlay_color":"","ocean_disable_breadcrumbs":"default","ocean_breadcrumbs_color":"","ocean_breadcrumbs_separator_color":"","ocean_breadcrumbs_links_color":"","ocean_breadcrumbs_links_hover_color":"","ocean_display_footer_widgets":"default","ocean_display_footer_bottom":"default","ocean_custom_footer_template":"0"},"product_brand":[],"product_cat":[22,21],"product_tag":[18,20,17,19],"class_list":{"0":"post-169","1":"product","2":"type-product","3":"status-publish","4":"has-post-thumbnail","6":"product_cat-imprime","7":"product_cat-livres","8":"product_tag-clm","9":"product_tag-roman","10":"product_tag-samuel-masson","11":"product_tag-thriller","13":"entry","14":"has-media","16":"first","17":"instock","18":"taxable","19":"shipping-taxable","20":"purchasable","21":"product-type-simple","22":"has-product-nav","23":"col","24":"span_1_of_4","25":"owp-content-center","26":"owp-thumbs-layout-horizontal","27":"owp-btn-normal","28":"owp-tabs-layout-horizontal"},"jetpack_sharing_enabled":true,"_links":{"self":[{"href":"https:\/\/quart-hibou.fr\/index.php\/wp-json\/wp\/v2\/product\/169","targetHints":{"allow":["GET"]}}],"collection":[{"href":"https:\/\/quart-hibou.fr\/index.php\/wp-json\/wp\/v2\/product"}],"about":[{"href":"https:\/\/quart-hibou.fr\/index.php\/wp-json\/wp\/v2\/types\/product"}],"replies":[{"embeddable":true,"href":"https:\/\/quart-hibou.fr\/index.php\/wp-json\/wp\/v2\/comments?post=169"}],"wp:featuredmedia":[{"embeddable":true,"href":"https:\/\/quart-hibou.fr\/index.php\/wp-json\/wp\/v2\/media\/163"}],"wp:attachment":[{"href":"https:\/\/quart-hibou.fr\/index.php\/wp-json\/wp\/v2\/media?parent=169"}],"wp:term":[{"taxonomy":"product_brand","embeddable":true,"href":"https:\/\/quart-hibou.fr\/index.php\/wp-json\/wp\/v2\/product_brand?post=169"},{"taxonomy":"product_cat","embeddable":true,"href":"https:\/\/quart-hibou.fr\/index.php\/wp-json\/wp\/v2\/product_cat?post=169"},{"taxonomy":"product_tag","embeddable":true,"href":"https:\/\/quart-hibou.fr\/index.php\/wp-json\/wp\/v2\/product_tag?post=169"}],"curies":[{"name":"wp","href":"https:\/\/api.w.org\/{rel}","templated":true}]}}