{"id":17,"date":"2013-10-01T16:49:42","date_gmt":"2013-10-01T14:49:42","guid":{"rendered":"http:\/\/192.168.1.50\/?post_type=product&#038;p=17"},"modified":"2024-08-17T18:09:00","modified_gmt":"2024-08-17T16:09:00","slug":"amour-disseque","status":"publish","type":"product","link":"https:\/\/quart-hibou.fr\/index.php\/produit\/amour-disseque\/","title":{"rendered":"Amour Diss\u00e9qu\u00e9"},"content":{"rendered":"<p class=\"western\" align=\"left\"><span style=\"font-family: Courier New, serif;\"><span style=\"font-size: small;\">Auteur : Samuel Masson<\/span><\/span><\/p>\n<p class=\"western\" align=\"left\"><span style=\"font-family: Courier New, serif;\"><span style=\"font-size: small;\">Roman &#8211; Thriller<\/span><\/span><\/p>\n<p class=\"western\" align=\"left\"><span style=\"font-family: Courier New, serif;\"><span style=\"font-size: small;\">illustration couverture : CLM<\/span><\/span><\/p>\n<p class=\"western\" align=\"left\"><span style=\"font-family: Courier New, serif;\"><span style=\"font-size: small;\">Parution : 2013<\/span><\/span><\/p>\n<p class=\"western\" align=\"left\"><span style=\"font-family: Courier New, serif;\"><span style=\"font-size: small;\">2\u00e8me tome ind\u00e9pendant de la trilogie entam\u00e9e par Espace Temps Pourri.<\/span><\/span><\/p>\n<p class=\"western\" align=\"left\"><span style=\"font-family: Courier New, serif;\"><span style=\"font-size: small;\">Id\u00e9al pour une jeune fille de reprendre la firme de son p\u00e8re afin de d\u00e9marrer dans la vie ! Certaines auraient \u00e9mis des r\u00e9serves car le Papa en question, producteur de drogue en Bolivie, a disparu de fa\u00e7on violente.<\/span><\/span><\/p>\n<p class=\"western\" align=\"left\"><span style=\"font-family: Courier New, serif;\"><span style=\"font-size: small;\">Cependant, cela ne perturbera pas Anuma qui malgr\u00e9 sa jeunesse, s&rsquo;en accommodera.<\/span><\/span><\/p>\n<p class=\"western\" align=\"left\"><span style=\"font-family: Courier New, serif;\"><span style=\"font-size: small;\">Son existence tranquille ne durera pas longtemps. Convoit\u00e9e et menac\u00e9e pour ses terrains riches en m\u00e9taux semi-pr\u00e9cieux, Anuma n&rsquo;aura la vie sauve que gr\u00e2ce \u00e0 son g\u00e9nie en chimie. Elle se retrouvera contrainte d&rsquo;op\u00e9rer pour cette soci\u00e9t\u00e9 underground qui ne lui ressemble vraiment pas.<\/span><\/span><\/p>\n","protected":false},"excerpt":{"rendered":"<p>Roman &#8211; Thriller<\/p>\n<p>2\u00e8me tome trilogie &#8211; tome ind\u00e9pendant<\/p>\n","protected":false},"featured_media":164,"comment_status":"open","ping_status":"closed","template":"","meta":{"ocean_post_layout":"","ocean_both_sidebars_style":"","ocean_both_sidebars_content_width":0,"ocean_both_sidebars_sidebars_width":0,"ocean_sidebar":"0","ocean_second_sidebar":"0","ocean_disable_margins":"enable","ocean_add_body_class":"","ocean_shortcode_before_top_bar":"","ocean_shortcode_after_top_bar":"","ocean_shortcode_before_header":"","ocean_shortcode_after_header":"","ocean_has_shortcode":"","ocean_shortcode_after_title":"","ocean_shortcode_before_footer_widgets":"","ocean_shortcode_after_footer_widgets":"","ocean_shortcode_before_footer_bottom":"","ocean_shortcode_after_footer_bottom":"","ocean_display_top_bar":"default","ocean_display_header":"default","ocean_header_style":"","ocean_center_header_left_menu":"0","ocean_custom_header_template":"0","ocean_custom_logo":0,"ocean_custom_retina_logo":0,"ocean_custom_logo_max_width":0,"ocean_custom_logo_tablet_max_width":0,"ocean_custom_logo_mobile_max_width":0,"ocean_custom_logo_max_height":0,"ocean_custom_logo_tablet_max_height":0,"ocean_custom_logo_mobile_max_height":0,"ocean_header_custom_menu":"0","ocean_menu_typo_font_family":"0","ocean_menu_typo_font_subset":"","ocean_menu_typo_font_size":0,"ocean_menu_typo_font_size_tablet":0,"ocean_menu_typo_font_size_mobile":0,"ocean_menu_typo_font_size_unit":"px","ocean_menu_typo_font_weight":"","ocean_menu_typo_font_weight_tablet":"","ocean_menu_typo_font_weight_mobile":"","ocean_menu_typo_transform":"","ocean_menu_typo_transform_tablet":"","ocean_menu_typo_transform_mobile":"","ocean_menu_typo_line_height":0,"ocean_menu_typo_line_height_tablet":0,"ocean_menu_typo_line_height_mobile":0,"ocean_menu_typo_line_height_unit":"","ocean_menu_typo_spacing":0,"ocean_menu_typo_spacing_tablet":0,"ocean_menu_typo_spacing_mobile":0,"ocean_menu_typo_spacing_unit":"","ocean_menu_link_color":"","ocean_menu_link_color_hover":"","ocean_menu_link_color_active":"","ocean_menu_link_background":"","ocean_menu_link_hover_background":"","ocean_menu_link_active_background":"","ocean_menu_social_links_bg":"","ocean_menu_social_hover_links_bg":"","ocean_menu_social_links_color":"","ocean_menu_social_hover_links_color":"","ocean_disable_title":"default","ocean_disable_heading":"default","ocean_post_title":"","ocean_post_subheading":"","ocean_post_title_style":"","ocean_post_title_background_color":"","ocean_post_title_background":0,"ocean_post_title_bg_image_position":"","ocean_post_title_bg_image_attachment":"","ocean_post_title_bg_image_repeat":"","ocean_post_title_bg_image_size":"","ocean_post_title_height":0,"ocean_post_title_bg_overlay":0.5,"ocean_post_title_bg_overlay_color":"","ocean_disable_breadcrumbs":"default","ocean_breadcrumbs_color":"","ocean_breadcrumbs_separator_color":"","ocean_breadcrumbs_links_color":"","ocean_breadcrumbs_links_hover_color":"","ocean_display_footer_widgets":"default","ocean_display_footer_bottom":"default","ocean_custom_footer_template":"0"},"product_brand":[],"product_cat":[22,21],"product_tag":[18,20,17,19],"class_list":{"0":"post-17","1":"product","2":"type-product","3":"status-publish","4":"has-post-thumbnail","6":"product_cat-imprime","7":"product_cat-livres","8":"product_tag-clm","9":"product_tag-roman","10":"product_tag-samuel-masson","11":"product_tag-thriller","13":"entry","14":"has-media","16":"first","17":"instock","18":"taxable","19":"shipping-taxable","20":"purchasable","21":"product-type-simple","22":"has-product-nav","23":"col","24":"span_1_of_4","25":"owp-content-center","26":"owp-thumbs-layout-horizontal","27":"owp-btn-normal","28":"owp-tabs-layout-horizontal"},"jetpack_sharing_enabled":true,"_links":{"self":[{"href":"https:\/\/quart-hibou.fr\/index.php\/wp-json\/wp\/v2\/product\/17","targetHints":{"allow":["GET"]}}],"collection":[{"href":"https:\/\/quart-hibou.fr\/index.php\/wp-json\/wp\/v2\/product"}],"about":[{"href":"https:\/\/quart-hibou.fr\/index.php\/wp-json\/wp\/v2\/types\/product"}],"replies":[{"embeddable":true,"href":"https:\/\/quart-hibou.fr\/index.php\/wp-json\/wp\/v2\/comments?post=17"}],"wp:featuredmedia":[{"embeddable":true,"href":"https:\/\/quart-hibou.fr\/index.php\/wp-json\/wp\/v2\/media\/164"}],"wp:attachment":[{"href":"https:\/\/quart-hibou.fr\/index.php\/wp-json\/wp\/v2\/media?parent=17"}],"wp:term":[{"taxonomy":"product_brand","embeddable":true,"href":"https:\/\/quart-hibou.fr\/index.php\/wp-json\/wp\/v2\/product_brand?post=17"},{"taxonomy":"product_cat","embeddable":true,"href":"https:\/\/quart-hibou.fr\/index.php\/wp-json\/wp\/v2\/product_cat?post=17"},{"taxonomy":"product_tag","embeddable":true,"href":"https:\/\/quart-hibou.fr\/index.php\/wp-json\/wp\/v2\/product_tag?post=17"}],"curies":[{"name":"wp","href":"https:\/\/api.w.org\/{rel}","templated":true}]}}