{"id":178,"date":"2014-03-01T19:24:54","date_gmt":"2014-03-01T18:24:54","guid":{"rendered":"http:\/\/192.168.1.50\/?post_type=product&#038;p=178"},"modified":"2024-08-25T16:11:16","modified_gmt":"2024-08-25T14:11:16","slug":"projet-ayiti15-812","status":"publish","type":"product","link":"https:\/\/quart-hibou.fr\/index.php\/produit\/projet-ayiti15-812\/","title":{"rendered":"Projet.Ayiti15-812"},"content":{"rendered":"<p align=\"justify\"><span style=\"color: #ffffff;\"><span style=\"font-family: Futura CondensedExtraBold, sans-serif;\"><span style=\"font-size: large;\"><span style=\"color: #211d1e;\"><span style=\"font-family: Times, Times New Roman, serif;\"><i>\u00ab Mes pieds foulent ce sable Ha\u00eftien, je regarde la mer bleue \u00e0 perte de vue, ce d\u00e9cor de carte postale est magnifique, c&rsquo;est mon pays&#8230; <\/i><\/span><\/span><\/span><\/span><\/span><\/p>\n<p align=\"justify\"><span style=\"color: #ffffff;\"><span style=\"font-family: Futura CondensedExtraBold, sans-serif;\"><span style=\"font-size: large;\"><span style=\"color: #211d1e;\"><span style=\"font-family: Times, Times New Roman, serif;\"><i>Une impression \u00e9trange et d\u00e9sagr\u00e9able titille mon coeur et mon cerveau, un sentiment de d\u00e9j\u00e0 vu. Je me retourne, et&#8230; \u00bb <\/i><\/span><\/span><\/span><\/span><\/span><\/p>\n<p align=\"justify\"><span style=\"color: #ffffff;\"><span style=\"font-family: Futura CondensedExtraBold, sans-serif;\"><span style=\"font-size: large;\"><span style=\"color: #211d1e;\"><span style=\"font-family: Times, Times New Roman, serif;\">C&rsquo;est le point de d\u00e9part de ce recueil de 31 nouvelles, d&rsquo;histoires v\u00e9cus, historiques, g\u00e9ographiques ; avec du roman, du polar, du thriller, du drame, du fantastique, de la science-fiction, de l&rsquo;humour&#8230; \u00e9crit par des auteurs, anonymes et connus, amateurs et professionnels, grands et petits, dans un seul but : la Solidarit\u00e9 pour Ha\u00efti. <\/span><\/span><\/span><\/span><\/span><\/p>\n","protected":false},"excerpt":{"rendered":"<p>Volume collectif d\u00e9velopp\u00e9 pour l&rsquo;association \u00a0\u00bb Tout Zanmi Ayiti \u00ab\u00a0.<\/p>\n<p>L&rsquo;int\u00e9gralit\u00e9 des b\u00e9n\u00e9fices est revers\u00e9e \u00e0 l&rsquo;association d\u00e9di\u00e9e \u00e0 Ha\u00efti.<\/p>\n","protected":false},"featured_media":179,"comment_status":"closed","ping_status":"closed","template":"","meta":{"ocean_post_layout":"","ocean_both_sidebars_style":"","ocean_both_sidebars_content_width":0,"ocean_both_sidebars_sidebars_width":0,"ocean_sidebar":"0","ocean_second_sidebar":"0","ocean_disable_margins":"enable","ocean_add_body_class":"","ocean_shortcode_before_top_bar":"","ocean_shortcode_after_top_bar":"","ocean_shortcode_before_header":"","ocean_shortcode_after_header":"","ocean_has_shortcode":"","ocean_shortcode_after_title":"","ocean_shortcode_before_footer_widgets":"","ocean_shortcode_after_footer_widgets":"","ocean_shortcode_before_footer_bottom":"","ocean_shortcode_after_footer_bottom":"","ocean_display_top_bar":"default","ocean_display_header":"default","ocean_header_style":"","ocean_center_header_left_menu":"0","ocean_custom_header_template":"0","ocean_custom_logo":0,"ocean_custom_retina_logo":0,"ocean_custom_logo_max_width":0,"ocean_custom_logo_tablet_max_width":0,"ocean_custom_logo_mobile_max_width":0,"ocean_custom_logo_max_height":0,"ocean_custom_logo_tablet_max_height":0,"ocean_custom_logo_mobile_max_height":0,"ocean_header_custom_menu":"0","ocean_menu_typo_font_family":"0","ocean_menu_typo_font_subset":"","ocean_menu_typo_font_size":0,"ocean_menu_typo_font_size_tablet":0,"ocean_menu_typo_font_size_mobile":0,"ocean_menu_typo_font_size_unit":"px","ocean_menu_typo_font_weight":"","ocean_menu_typo_font_weight_tablet":"","ocean_menu_typo_font_weight_mobile":"","ocean_menu_typo_transform":"","ocean_menu_typo_transform_tablet":"","ocean_menu_typo_transform_mobile":"","ocean_menu_typo_line_height":0,"ocean_menu_typo_line_height_tablet":0,"ocean_menu_typo_line_height_mobile":0,"ocean_menu_typo_line_height_unit":"","ocean_menu_typo_spacing":0,"ocean_menu_typo_spacing_tablet":0,"ocean_menu_typo_spacing_mobile":0,"ocean_menu_typo_spacing_unit":"","ocean_menu_link_color":"","ocean_menu_link_color_hover":"","ocean_menu_link_color_active":"","ocean_menu_link_background":"","ocean_menu_link_hover_background":"","ocean_menu_link_active_background":"","ocean_menu_social_links_bg":"","ocean_menu_social_hover_links_bg":"","ocean_menu_social_links_color":"","ocean_menu_social_hover_links_color":"","ocean_disable_title":"default","ocean_disable_heading":"default","ocean_post_title":"","ocean_post_subheading":"","ocean_post_title_style":"","ocean_post_title_background_color":"","ocean_post_title_background":0,"ocean_post_title_bg_image_position":"","ocean_post_title_bg_image_attachment":"","ocean_post_title_bg_image_repeat":"","ocean_post_title_bg_image_size":"","ocean_post_title_height":0,"ocean_post_title_bg_overlay":0.5,"ocean_post_title_bg_overlay_color":"","ocean_disable_breadcrumbs":"default","ocean_breadcrumbs_color":"","ocean_breadcrumbs_separator_color":"","ocean_breadcrumbs_links_color":"","ocean_breadcrumbs_links_hover_color":"","ocean_display_footer_widgets":"default","ocean_display_footer_bottom":"default","ocean_custom_footer_template":"0"},"product_brand":[],"product_cat":[22,21],"product_tag":[27,25,26],"class_list":{"0":"post-178","1":"product","2":"type-product","3":"status-publish","4":"has-post-thumbnail","6":"product_cat-imprime","7":"product_cat-livres","8":"product_tag-bruno-bollengier","9":"product_tag-collectif","10":"product_tag-nouvelles","12":"entry","13":"has-media","15":"first","16":"instock","17":"taxable","18":"shipping-taxable","19":"purchasable","20":"product-type-simple","21":"has-product-nav","22":"col","23":"span_1_of_4","24":"owp-content-center","25":"owp-thumbs-layout-horizontal","26":"owp-btn-normal","27":"owp-tabs-layout-horizontal"},"jetpack_sharing_enabled":true,"_links":{"self":[{"href":"https:\/\/quart-hibou.fr\/index.php\/wp-json\/wp\/v2\/product\/178","targetHints":{"allow":["GET"]}}],"collection":[{"href":"https:\/\/quart-hibou.fr\/index.php\/wp-json\/wp\/v2\/product"}],"about":[{"href":"https:\/\/quart-hibou.fr\/index.php\/wp-json\/wp\/v2\/types\/product"}],"replies":[{"embeddable":true,"href":"https:\/\/quart-hibou.fr\/index.php\/wp-json\/wp\/v2\/comments?post=178"}],"wp:featuredmedia":[{"embeddable":true,"href":"https:\/\/quart-hibou.fr\/index.php\/wp-json\/wp\/v2\/media\/179"}],"wp:attachment":[{"href":"https:\/\/quart-hibou.fr\/index.php\/wp-json\/wp\/v2\/media?parent=178"}],"wp:term":[{"taxonomy":"product_brand","embeddable":true,"href":"https:\/\/quart-hibou.fr\/index.php\/wp-json\/wp\/v2\/product_brand?post=178"},{"taxonomy":"product_cat","embeddable":true,"href":"https:\/\/quart-hibou.fr\/index.php\/wp-json\/wp\/v2\/product_cat?post=178"},{"taxonomy":"product_tag","embeddable":true,"href":"https:\/\/quart-hibou.fr\/index.php\/wp-json\/wp\/v2\/product_tag?post=178"}],"curies":[{"name":"wp","href":"https:\/\/api.w.org\/{rel}","templated":true}]}}